 Suppose -5*f - 26 - 124 = 0. Let m = 27 + f. Calculate y(m).
-3
Let v be 1/2 + (-13)/2. Let m be (20/(-8)*-2)/1. Let c(b) = b**3 - m*b - b + b + 5*b**2 - 1 - 2*b. Give c(v).
5
Let l be (-3)/(-15) + (-77)/35. Let z(c) = 4*c**2 - 2*c - 1. What is z(l)?
19
Let x(b) = -34 + 14*b - 23*b + 20. What is x(-2)?
4
Let y(i) = -6*i**2 + 2*i + 4 - i**3 + 3 + 0*i**2. Suppose -6*q + 3*q - 4*l = -115, 0 = 2*q + 2*l - 74. Let r = 27 - q. Determine y(r).
-5
Let r(c) be the second derivative of 0 - 7*c - 5*c**2 + 1/3*c**3 + 1/24*c**4 - 1/120*c**6 - 1/20*c**5. Let v(b) be the first derivative of r(b). Determine v(2).
-16
Let b(y) be the first derivative of -1/2*y**2 - 1 - 1/4*y**4 + 0*y**3 - 8*y. Let f(s) = -s**3 + 15*s**2 - 213*s + 2431. Let w be f(13). Give b(w).
-8
Suppose 0 = 3*o + 37 + 32. Let x(n) = -n**2 - 22*n + 17. Let l be x(o). Let s(p) = -p**3 - 6*p**2 + 5. Give s(l).
5
Let j(w) = 10*w**2 - 6*w - 2. Let m(c) = -2*c**2 + 2*c - 1. Let u(q) = j(q) + 4*m(q). Give u(-3).
6
Let a(q) = 12*q - 387*q**3 + 386*q**3 - 8*q**2 - 18*q. Give a(-7).
-7
Let p = -10 + 10. Suppose p = f + 4 - 3, 0 = 3*c - 2*f + 10. Let i(l) = l**2 + 4*l - 4. Determine i(c).
-4
Suppose -k = -0*y + y, -5*k - 20 = 0. Let t(a) = -3 + 7*a - y*a - 4. Calculate t(5).
8
Let v(h) = 64*h**2 + 71*h**2 - 136*h**2 - 5 + h + 3. Determine v(1).
-2
Let q(s) = -s**2 - 17. Let z(g) = 2*g**2 + 15. Let o(n) = -3*q(n) - 2*z(n). Determine o(0).
21
Let g be 12/(-18)*(-1 - 2). Suppose -2*j = -g*h - 5*j + 27, 2*h - 37 = -5*j. Let m(k) = -k + k**2 - 4*k + h*k - 2*k**2. Calculate m(-2).
-6
Let y(n) = n**3 - 9*n**2 - 15*n + 46. Let p be y(10). Let a(u) = 3*u**2 - 2*u - 6. Let r(v) = -v**3 - v**2. Let m(c) = -a(c) + r(c). Calculate m(p).
-2
Suppose -2*w = -4*x + 30, 4*x + 0*w - 48 = -4*w. Let i(k) = k - 14 + 3*k - x*k + 6*k. Determine i(8).
-6
Let i(f) = 6*f. Suppose 15 = -5*n + 2*l, -3 = 3*n + 3*l + 6. Let t be (1 - 0) + 23 + n. Suppose -d + 5*k = -19, -d - 6*k - t = -k. Calculate i(d).
-6
Let i(q) be the second derivative of q**4/12 - q**2 - 239*q. Give i(-4).
14
Let i be 620/14 + 16/(-56). Suppose -4*k + 8*k = i. Let s(v) = -9 - 4*v**2 + k - 2*v - 5. What is s(-2)?
-15
Let y(q) be the first derivative of q**4/12 - 2*q**3/3 + 2*q**2 - 3*q - 18. Let x(i) be the first derivative of y(i). What is x(4)?
4
Let c = -806 + 799. Let j(g) = 2*g + 0*g + 4 + 6. What is j(c)?
-4
Let u(r) = 3*r**2 - 94*r + 126. Let b be u(30). Let z(s) = -s**2 + 9*s - 7. Calculate z(b).
11
Let k(v) = -v - 3. Let h(c) = c**2 + 16*c + 19. Let g be h(-13). Let q = 14 + g. What is k(q)?
3
Let v(b) be the first derivative of -51 - 1/3*b**3 + 7/2*b**2 + 0*b. Determine v(7).
0
Let p(c) = -c**2 - 2*c + 3. Let j be p(2). Let x be ((-8)/10)/(2/j). Let o be x*((-9)/(-2) + -3). Let a(z) = -z**3 + 4*z**2 - 3*z - 1. What is a(o)?
-1
Let i be (1*-2)/(-2 + 0). Let v(t) = -750*t**2 - 31*t**3 + 41*t**3 - 1 + 748*t**2 + 2*t. Determine v(i).
9
Suppose -2*i + 3*r + 23 = 0, 3*i + 4*r = 12 - 3. Suppose 0 = 2*w + 3*w - 25. Let c(o) = -3 + 6 - 6*o**2 - 7*o + 6*o**3 - w*o**3. Calculate c(i).
3
Let v(m) = -3*m. Let i(r) = 10*r - 1. Let k(j) = -2*i(j) - 7*v(j). Let c be k(3). Suppose 12 = -u + c*u. Let w(q) = -q - 3. Calculate w(u).
-6
Suppose -u - 2*u = -30. Let m = u - 5. Let k(w) be the third derivative of w**4/24 - 11*w**3/6 - 19*w**2. What is k(m)?
-6
Let u(v) = -3*v**2 - 7*v - 8. Suppose -86*h + 115*h + 58 = 0. Determine u(h).
-6
Suppose 9*b = 8*b - 22. Let i = b + 6. Let v = i + 11. Let j(o) = o. Give j(v).
-5
Let d(n) = -9*n - 7*n - 7*n + 7 - 5*n + 31*n. Give d(-3).
-2
Let t(o) = -63*o + 7934. Let j be t(126). Let h(i) = -3*i - i - 2 - 2 - i**2. Give h(j).
-4
Let b(d) be the third derivative of 5/6*d**3 - 1/6*d**5 + 3/8*d**4 + 1/120*d**6 + 0*d - 25*d**2 + 0. Give b(9).
5
Let y(r) be the second derivative of -r**5/20 - r**4/2 + 4*r**3/3 + r**2/2 + 5*r + 7. Determine y(-7).
-6
Suppose s - 4 = 4. Suppose 4*z + s + 8 = 0. Let l(y) = y**3 + 27*y**2 - 2*y + 5. Let g(h) = -h**3 - 24*h**2 + h - 4. Let p(q) = -7*g(q) - 6*l(q). Give p(z).
10
Let x(t) = 9*t. Let b(y) = -y**3 + 13*y**2 - 10*y - 25. Let h be (-2)/((-2)/36*3). Let d be b(h). Calculate x(d).
-9
Let b(r) = -r - 3 + 2*r - 5*r + 3*r. Let u(z) = -5*z + 3. Let p be u(4). Let d = -21 - p. Determine b(d).
1
Let p(x) = 11*x**3 + 9*x**2 + 23*x - 8. Let n(b) = 2*b**3 - b**2 + b. Let d(j) = -6*n(j) + p(j). Determine d(16).
8
Let s(p) = p**3 + 5*p**2 + 3*p. Let t(k) = -k**2 - 2*k + 20. Let j be t(4). Give s(j).
4
Let s be (92 - 93) + -4 + -1. Let o(n) = 8*n + 10. What is o(s)?
-38
Let r(a) = -a**2 + 12*a + 5. Let f be (4 - (-1 - 0)) + 58 + -52. Calculate r(f).
16
Let c(k) = k - 6. Let g be c(0). Let u(d) be the first derivative of -d**4/4 - 7*d**3/3 - 7*d**2/2 - 8*d - 111. Give u(g).
-2
Suppose -4 = -200*n + 198*n. Let t(p) = -16*p + 26*p + n*p**2 - 6 - 5*p. What is t(-5)?
19
Suppose -3*l - 37 = 4*o, 38*l = -4*o + 40*l - 22. Let i(r) = -r**2 - 7*r + 11. What is i(o)?
11
Let b(d) = -d**3 - 2*d**2 + 4*d + 3. Let r be (-5)/3*(-3 - 0). Let k(g) = -5 + 2*g**3 - r*g + 0 - 2 + 3 + 2*g**2. Let c(l) = -4*b(l) - 3*k(l). What is c(2)?
-10
Let q(l) be the second derivative of -l**5/20 + l**4/6 + 8*l**3/3 - l**2 + 8*l. Let i be q(5). Let p(n) = -n**3 + 2*n**2 + 3*n + 2. Calculate p(i).
2
Let i be (-6)/39 - (-1495)/(-169). Let v(n) = 2*n**2 + 17*n - 9. Calculate v(i).
0
Let a(c) = -6*c**3 + 91*c**2 - 90*c**2 - 9 + 9. Give a(-1).
7
Let q(k) = 28 + 38 - 2*k - 77. Give q(-5).
-1
Let x(d) = 4*d + 13. Suppose 0 = 8*l - 76 + 148. Give x(l).
-23
Let z(c) = -2*c**2 + 8*c + 3. Suppose -4*g + 48 = 5*a, -28*g + 4*a + 19 = -23*g. Calculate z(g).
-39
Let q(m) = m + 21. Let d(z) = z**3 + 11*z**2 + 11*z - 5. Let g be d(-10). What is q(g)?
6
Let s = 33 + -33. Let w(c) = 0 - 2 + s + 3*c**2 + 3. Calculate w(-1).
4
Let q(m) be the first derivative of -m**3/3 + m**2/2 + 4*m - 783. What is q(6)?
-26
Let c be 23/5 - 2/(-5). Let l(w) be the second derivative of w**4/4 + 5*w**3/3 + w**2 + 5*w. Let v(q) = -q**2 - q + 1. Let m(t) = -l(t) - 4*v(t). Give m(c).
-11
Let j(m) = 2*m - 29. Let h be j(14). Let k(d) = 1 - 1 - 9*d**3 - 7*d**3. Determine k(h).
16
Let d(t) = t**2 + 2*t - 9. Let a be (6 - 4)/10 + 31/(-5). Give d(a).
15
Let w(o) = 11*o**3 - 3*o. Let y(d) = -23*d**3 + 7*d. Let x(k) = 9*w(k) + 4*y(k). Let b be (-3)/(-5 + 8 - 1 - 5). Give x(b).
8
Suppose -2*z - 18 = -2*l, -6*l - 36 = 5*z - 2*l. Let x(h) = -h**3 - 8*h**2. Calculate x(z).
0
Let p(j) be the first derivative of -j**4/4 + 3*j**3 - j**2 + 12*j - 73. Give p(9).
-6
Let f(r) = 5*r - 17058 + 17037 - 2*r. Determine f(11).
12
Suppose -264*m + 258*m = -36. Let g(z) = -6*z + 7. Calculate g(m).
-29
Let v(j) = -j**3 - 10*j**2 - j - 6. Let w(q) = -q**2 + 9*q - 30. Let i be w(5). Calculate v(i).
4
Let q(u) = 2*u**2 + 3*u - 2. Let k be (5/(-2))/(6 + (-174)/24). Calculate q(k).
12
Let t be 9 + -16 + (6 - -3). Let q(p) be the third derivative of -1/20*p**5 - 1/120*p**6 + 0 - p**t + 0*p - 1/2*p**3 + 1/8*p**4. Determine q(-4).
1
Let o be 10/8*4 + -1. Let a(v) be the first derivative of v**6/360 - v**5/60 - v**3/3 + 2. Let j(b) be the third derivative of a(b). What is j(o)?
8
Let k be (-27)/(-15)*20/6. Let p(j) = 8*j**3 + 17*j**2 + 18. Let w(t) = 3*t**3 + 8*t**2 + 8. Let r(n) = -2*p(n) + 5*w(n). Determine r(k).
4
Let y be 4 - (20 - 4) - -4. Let i(o) = -3*o - 25. What is i(y)?
-1
Let i(a) = 2*a + a**3 + 4 - 409*a**2 - 1 + 413*a**2. Let t be i(-3). Let u(k) = -k**2 + 0*k - 4 + 0*k + 6*k. Calculate u(t).
-4
Let w(m) = -3*m + 5. Let s(j) = -18*j**2 - j. Let g be s(-1). Suppose 3*z + 7 = -2*p, -p + 0*z - 5*z + 14 = 0. Let a = p - g. Give w(a).
-13
Let r(a) = a**3 + 8*a**2 + 2*a + 3. Suppose 162*l = 136*l - 208. What is r(l)?
-13
Suppose 3*n - 3*f - 3 = 6, -2*f - 8 = 0. Let u = n - -1. Let z(m) be the first derivative of -m**2/2 + 3*m - 13. Determine z(u).
3
Let n(h) = h**3 + 6*h**2 + 6*h + 5. Let x be n(-5). Let y(d) = -d**2 - 2*d + x*d + 1 + d - 2*d. Let a(q) = -q**2 + 3*q + 8. Let f be a(-2). Determine y(f).
3
Let l(u) be the third derivative of u**5/30 + u**4/8 - u**3/3 - u**2. Let v be l(-3). Let a be 37/v - 4/14. Let m(o) = o**3 - 5*o**2 + 2. What is m(a)?
2
Suppose 6*s = 4*b + 3*s - 143, 3*s = 5*b - 175. Let p = -103 - -103. Let t be p*4/(b/4). Let m(v) = -v + 5. What is m(t)?
5
Let y be -5 + 1/2*-2. Let l(d) =